e number?
False
Is 723558565 composite?
True
Is 301931 a composite number?
True
Is 258767 composite?
True
Is 297251 a composite number?
False
Is 1573721 prime?
False
Is 4148759 a composite number?
False
Is 197437697 a composite number?
False
Is 3896887 prime?
True
Is 15659471 a composite number?
False
Is 1146553 prime?
False
Is 329671151 prime?
True
Is 105819577 composite?
True
Is 391704427 a prime number?
False
Is 89900797 a prime number?
False
Is 8509649 a prime number?
True
Is 379273 a prime number?
True
Is 2030317 prime?
True
Is 61777 composite?
True
Is 45803981 composite?
False
Is 106347119 a prime number?
True
Is 96196073 composite?
False
Is 464482203 composite?
True
Is 93298913 prime?
True
Is 66459793 a composite number?
True
Is 267713 a composite number?
False
Is 3581321 a composite number?
False
Is 40034339 prime?
True
Is 19784047 a composite number?
True
Is 222763 a prime number?
False
Is 10134331 prime?
True
Is 6378455 composite?
True
Is 4208933 a prime number?
True
Is 10913303 a composite number?
True
Is 487507043 composite?
False
Is 154828981 a composite number?
False
Is 3425189 prime?
True
Is 27324433 a prime number?
True
Is 33731771 a prime number?
True
Is 3385697 prime?
False
Is 1782899 a composite number?
True
Is 57817363 prime?
True
Is 2057477 prime?
True
Is 382923109 composite?
False
Is 23777249 a composite number?
True
Is 163568957 composite?
False
Is 37635101 prime?
False
Is 156935866 prime?
False
Is 458228269 a prime number?
False
Is 148463281 a composite number?
False
Is 10597781 prime?
True
Is 194943673 prime?
True
Is 42945113 prime?
False
Is 382942114 prime?
False
Is 135256101 composite?
True
Is 3060179 composite?
False
Is 56020009 composite?
True
Is 237338209 a composite number?
False
Is 1351201 composite?
True
Is 16456099 composite?
True
Is 900279551 a composite number?
True
Is 103064755 a composite number?
True
Is 61142737 prime?
True
Is 1525451 a prime number?
False
Is 56436761 a composite number?
True
Is 291308653 prime?
True
Is 3427003 a composite number?
True
Is 341438522 a composite number?
True
Is 6953879 composite?
False
Is 3082367 a composite number?
False
Is 6392717 composite?
False
Is 15009055 composite?
True
Is 12199969 composite?
False
Is 2623749 a composite number?
True
Is 4460077 a composite number?
False
Is 21902171 a composite number?
True
Is 6882455 composite?
True
Is 16192843 prime?
True
Is 498042695 a composite number?
True
Is 41195339 composite?
True
Is 566306417 composite?
True
Is 357943 prime?
False
Is 79652449 a prime number?
True
Is 2161963 composite?
False
Is 396205 a composite number?
True
Is 13145449 a composite number?
False
Is 380837 composite?
False
Is 60719 composite?
False
Is 59594057 a composite number?
True
Is 1730299 composite?
False
Is 6248053 a prime number?
False
Is 3374507 composite?
False
Is 165050941 prime?
False
Is 3101459 a composite number?
False
Is 31629329 a prime number?
False
Is 179398579 a prime number?
True
Is 9947909 a composite number?
True
Is 1916759399 composite?
False
Is 1288733 a prime number?
True
Is 58033307 composite?
True
Is 1660097 a composite number?
False
Is 11658671 a prime number?
True
Is 2688737 a prime number?
False
Is 502099399 a prime number?
True
Is 108985991 prime?
True
Is 299410593 composite?
True
Is 68654401 composite?
True
Is 229791931 composite?
False
Is 709886933 a composite number?
True
Is 1898353 a composite number?
False
Is 5776129 a composite number?
False
Is 2903281 a prime number?
False
Is 22399547 a composite number?
False
Is 37233047 a composite number?
False
Is 379286 prime?
False
Is 77417 a prime number?
True
Is 37368553 prime?
True
Is 506614 prime?
False
Is 14688059 prime?
True
Is 26256977 composite?
True
Is 219882571 prime?
False
Is 13676231 prime?
True
Is 2225137 a prime number?
False
Is 24760193 a composite number?
True
Is 70616107 composite?
False
Is 18734801 composite?
True
Is 223578163 composite?
False
Is 60177089 a composite number?
True
Is 25100443 a composite number?
False
Is 8801581 a prime number?
True
Is 44898253 a composite number?
False
Is 105048907 composite?
True
Is 88614381 a prime number?
False
Is 23694781 composite?
True
Is 173855621 a composite number?
True
Is 34110877 a composite number?
False
Is 201151 a composite number?
False
Is 110728963 composite?
False
Is 100957529 prime?
True
Is 768409 a prime number?
True
Is 139216379 a composite number?
False
Is 246899 a prime number?
True
Is 85815131 a composite number?
True
Is 107367769 prime?
False
Is 84781951 a prime number?
True
Is 24291769 a composite number?
False
Is 12075013 a prime number?
False
Is 183306983 a composite number?
False
Is 55778899 a composite number?
True
Is 3467267 a prime number?
False
Is 43697791 a prime number?
False
Is 39497729 prime?
True
Is 4637309 composite?
True
Is 535481 prime?
True
Is 5535967 a prime number?
True
Is 106518787 a composite number?
True
Is 109760851 a prime number?
True
Is 12090881 a composite number?
True
Is 9544427 composite?
False
Is 5155849 a prime number?
True
Is 3952411 a composite number?
True
Is 4872793 composite?
False
Is 8561918 a composite number?
True
Is 2737541 a composite number?
True
Is 4967521 a composite number?
True
Is 598667 a prime number?
False
Is 2278631 a composite number?
False
Is 3626339 a prime number?
True
Is 3356887 composite?
False
Is 612481 a composite number?
False
Is 80967361 prime?
False
Is 122429 a prime number?
False
Is 25720559 composite?
True
Is 7187743 composite?
False
Is 5321593 a prime number?
True
Is 924941 a prime number?
False
Is 136846781 prime?
False
Is 13580338 composite?
True
Is 2824979 composite?
True
Is 74036143 composite?
True
Is 21368773 a prime number?
False
Is 53756351 composite?
True
Is 740189 prime?
True
Is 1435943 composite?
True
Is 15356857 composite?
True
Is 63694979 composite?
False
Is 2797415 prime?
False
Is 453613 a prime number?
False
Is 172985621 composite?
False
Is 73075313 prime?
True
Is 1987217 a prime number?
True
Is 23652971 prime?
True
Is 1715383 prime?
False
Is 27591211 a prime number?
False
Is 8502929 composite?
False
Is 276851191 prime?
False
Is 17052095 prime?
False
Is 3744941 a composite number?
False
Is 22825423 prime?
True
Is 1013091 a composite number?
True
Is 62390245 prime?
False
Is 210337291 prime?
False
Is 218453 prime?
True
Is 6972881 composite?
True
Is 2748419 composite?
True
Is 41032315 composite?
True
Is 110723087 composite?
False
Is 152966479 composite?
False
Is 199902301 a composite number?
False
Is 73418341 prime?
True
Is 9761819 a composite number?
True
Is 1979141 a composite number?
False
Is 29684009 prime?
True
Is 6043967 a prime number?
True
Is 100230791 a prime number?
False
Is 7502977 prime?
True
Is 59359297 a prime number?
False
Is 114703697 a composite number?
False
Is 171152977 a prime number?
True
Is 89375059 a prime number?
False
Is 311597119 composite?
True
Is 103001 composite?
False
Is 6955789 composite?
False
Is 16755241 a prime number?
True
Is 655717 composite?
False
Is 30108329 a composite number?
False
Is 131517305 a composite number?
True
Is 141743207 prime?
True
Is 119067469 prime?
False
Is 3079379 a prime number?
True
Is 14987627 composite?
True
Is 34172701 a prime number?
False
Is 150972313 a composite number?
True
Is 18412961 a composite number?
True
Is 13661663 a composite number?
False
Is 8858431 a composite number?
False
Is 4120681 a composite number?
True
Is 51777119 prime?
True
Is 6555541 a prime number?
True
Is 58363 a prime number?
True
Is 28804571 prime?
True
Is 941797 composite?
True
Is 286407301 a prime number?
True
Is 21263397 prime?
False
Is 651093509 a prime number?
False
Is 5518913 a composite number?
False
Is 13099057 a composite number?
False
Is 41497751 composite?
True
Is 50257049 prime?
False
Is 5765519 prime?
False
Is 2125097 a composite number?
True
Is 227440651 composite?
False
Is 265920037 prime?
False
Is 3504517 a composite number?
False
Is 77487203 a prime number?
True
Is 102009821 a prime number?
True
Is 87211043 prime?
False
Is 12847861 composite?
True
Is 22605941 prime?
False
Is 310431599 composite?
False
Is 113499541 composite?
True
Is 80358569 composite?
False
Is 42415397 composite?
False
Is 169915441 prime?
True
Is 266901997 composite?
False
Is 7584253 prime?
True
Is 6537649 co